(g) = 387*g - 716. Let l be o(2). What is the greatest common divisor of 493 and l?
29
Suppose -5*j - 53864 + 54639 = 0. Calculate the highest common factor of 18755 and j.
155
Let o = -27768 - -29490. What is the highest common factor of o and 410?
82
Let l be (-1)/((-3)/(-5)) + 43040/120. Suppose -3*q = 3*p - l, -5*q + 253 = 7*p - 5*p. Calculate the greatest common factor of 57 and p.
57
Let i = 197 - 208. Let w(a) = a**3 + 10*a**2 - 16*a - 7. Let l be w(i). What is the highest common factor of l and 3?
3
Let v = 11029 + -8911. Calculate the greatest common factor of 6 and v.
6
Let b be 6*3/(-12)*-48. Let t be (-7 - -2) + 0 - 39/(3 - 6). What is the highest common factor of b and t?
8
Let o(d) = 6*d + 35. Let l(r) = -8 + 3 + r + 6. Let n(a) = -5*l(a) + o(a). Let t be n(-16). What is the highest common factor of t and 112?
14
Suppose 2*a + 18*a + 9540 = 0. Let m = a - -481. Let c be 53 + 0 + 2/(-2). What is the greatest common divisor of c and m?
4
Let a = 2300 - 2140. Calculate the highest common divisor of a and 160.
160
Let i be 55/15 + 8/(-12). Let z = i + 45. Suppose 240 = -6*y + 11*y. What is the greatest common divisor of y and z?
48
Suppose 11*a + 3689 - 15855 = 0. Calculate the highest common divisor of 42 and a.
14
Let a(c) = 169*c + 13. Suppose -2*d + 25 = 17. Let r be a(d). Calculate the highest common factor of 13 and r.
13
Suppose 1960*x - 1961*x = 7*d - 198, 4*x - 36 = 0. Let m = -2 + 3. Calculate the greatest common divisor of d and m.
1
Let q be (20301/1818)/((-2)/(-204)). Calculate the highest common factor of 67 and q.
67
Suppose -2233 = -31*g + 1979 + 996. What is the highest common divisor of 9072 and g?
168
Suppose 0 = -3*s + p + 347, -p - 448 = -4*s + 4*p. Suppose -s*j = -128*j + 121. What is the greatest common factor of j and 99?
11
Let s(z) = -7*z - 1. Let h be s(-3). Suppose 16*t + 32 = h*t. Suppose -11*b + 212 = -t. Calculate the highest common divisor of b and 50.
10
Let a be -2*41/21 + (-22)/231. Let c be a - (-6258)/15 - (-4)/5. What is the greatest common factor of c and 18?
18
Let p(u) = -6*u + 17. Let v be p(2). Suppose 0*x + 2*q - 156 = -3*x, 5*x - 285 = v*q. What is the highest common divisor of 432 and x?
54
Let d = -1266 - -1273. What is the greatest common divisor of d and 4?
1
Suppose 3*o = 0, 2*o = 3*z - 0*o - 144. Let i(f) = 383*f + 80. Let r be i(0). What is the highest common divisor of z and r?
16
Let d(b) be the second derivative of -19*b**4/12 - 125*b**3/6 - 3*b**2 + 81*b + 2. Let u be d(-6). Calculate the highest common divisor of 240 and u.
60
Let p(x) = -7*x**2 - 5*x - 3. Let a be p(-1). Let y be 468/21 - 4/14. Let t = a + y. Calculate the greatest common divisor of t and 153.
17
Let t(d) = -30*d + 11. Let g be t(-4). Suppose -6*u = -g + 17. Let o be (2 - 114)/(-2) + 11/11. What is the greatest common divisor of u and o?
19
Let d(g) = -261*g + 4. Let z be 84/(-108) - 2/9. Let m be d(z). Let q = m + -155. What is the highest common divisor of q and 22?
22
Let a = 3225 - -14625. What is the highest common divisor of a and 17?
17
Let c(p) = 18*p - 109. Let y be c(6). Let o be 10*y/(-5)*(1 - -1). What is the highest common divisor of o and 4?
4
Let d(m) = 5*m - 3. Let r be d(1). Let z be r + 16/(-4) + 4. Suppose -32 = -a - 6. Calculate the highest common factor of a and z.
2
Suppose -4*p + 5*v = -235, v = 4*v - 3. Calculate the greatest common factor of p and 195.
15
Let c = 15312 + -15326. Suppose -93 = -2*o + 67. Let m = o + c. What is the highest common divisor of m and 6?
6
Suppose -4*t + 8 = 0, a + 3*a + 5*t = 3010. Suppose 4*p = -40, -4*m = 7596*p - 7599*p - 150. What is the greatest common divisor of a and m?
30
Let r be (92/(-6))/((-1)/(42/(-28))). Let b(a) = -a**3 - 24*a**2 - 25*a - 44. Let g be b(r). What is the highest common divisor of 66 and g?
2
Suppose 54*h = 49*h + q + 862, -686 = -4*h - q. Calculate the highest common divisor of h and 104.
4
Suppose 3*y + b - 49 = y, -4*y + 119 = -5*b. Let k = 40 - y. Let r(q) = 9*q + 29. Let h be r(k). Calculate the greatest common factor of h and 62.
31
Let m(z) = -88*z - 68. Let h be m(-5). Calculate the highest common divisor of 72 and h.
12
Let l(c) = -c**2 - 20*c - 80. Let r be l(-13). Let i(z) = -z**3 + 12*z**2 - 6*z + 8. Let q be i(r). Calculate the greatest common divisor of q and 36.
9
Let n(q) = -48*q**2 + 8*q - 22. Let v be n(4). Let a = v + 953. Calculate the greatest common factor of a and 325.
65
Suppose 3*c - 79 = d, 11*d + 4 = -7. Calculate the greatest common factor of 1300 and c.
26
Let z(v) = 12*v - 234. Let r be z(20). Suppose 4*j - 22 = r. Calculate the highest common divisor of j and 21.
7
Let f be 47 + -1 - 14/7. Let s(z) = 4*z**3 - 16*z**2 + 20*z - 90. Let m be s(5). What is the highest common divisor of m and f?
22
Let o(j) = j**3 - 19*j**2 - 2*j + 194. Let s be o(19). What is the greatest common divisor of s and 2292?
12
Let m be 9*((-12)/4)/(6/(-140)). Let g be (m/7)/(1*2). Suppose 0 = -3*p + 5*i + 5 + 44, 2*i = p - 16. What is the greatest common factor of g and p?
9
Suppose 5*u + 2*c - 58 - 98 = 0, 2*c + 114 = 4*u. Let r = -21811 - -21931. Calculate the highest common divisor of r and u.
30
Let k(x) = 24*x**2 - 270*x + 544. Let h be k(2). Let y = -41 - -71. Suppose 155 - y = 5*a. Calculate the greatest common divisor of h and a.
25
Suppose -2*j - 653 = -3*w, -3*j = 4*w - 4*j - 874. Let p = -173 + w. Calculate the highest common divisor of p and 299.
23
Let t(v) = 3*v**2 + 4. Let s(i) = 2*i**2 + i. Let j(n) = 2*s(n) - t(n). Let x be j(2). What is the greatest common divisor of 22 and x?
2
Suppose -13*y - 739 = -1675. Calculate the highest common factor of y and 45.
9
Suppose 0 = 5*k + u - 2657, -5*k - 3*u - 379 = -3030. What is the greatest common factor of 84 and k?
28
Let v be ((-16)/(-6) - 2)/(84/(-1134)). Let n(y) = y**3 + 9*y**2 - 3*y - 18. Let p be n(v). What is the greatest common factor of p and 288?
9
Let c(d) = -7*d**3 - 3*d**2 - 66*d + 74. Let p be c(-14). Calculate the greatest common divisor of 34 and p.
34
Let y be (70/(-3))/((-36)/(-54)). Let a be (26376/y)/(-12) - (-2)/10. What is the highest common divisor of a and 72?
9
Let c(x) = -2*x**2 + 18*x + 7. Let j be c(9). Let q be 1/(j/3) + 244/427. Calculate the greatest common divisor of 56 and q.
1
Let y(n) = -n**2 - 57*n - 144. Let s be y(-54). What is the greatest common factor of s and 178?
2
Suppose -56*q + 48*q = 0. Suppose 45*o - 11*o - 4352 = q. Calculate the greatest common factor of 32 and o.
32
Suppose -5*c = -7*r - 3236, -629 = -c + 103*r - 99*r. Suppose 2*k - 2 = -4*u + 36, -4*k = 2*u - 46. Calculate the greatest common factor of c and k.
9
Let q(n) = 28*n**2 + 2*n + 1. Let m be q(-1). Suppose c - 4*c + m = 0. What is the highest common divisor of c and 6?
3
Suppose 0 = 2*i - 2*g - 8, -3*i + 3*g = -i - 10. Suppose -b + 99 = 5*z, -2*z = i*z + 4. Let r = 128 - 115. Calculate the greatest common factor of r and b.
13
Let h be 139*3 + (-6)/(-5 - -8). Let p = -412 + h. Let n(c) = c + 14. Let z be n(-8). Calculate the greatest common divisor of p and z.
3
Let h = 6219 + -5806. What is the highest common divisor of h and 49?
7
Let a = 399 - 187. Suppose 140 + a = 2*p. What is the highest common divisor of p and 132?
44
Suppose -y + 477 + 1087 = 4*i, 2*y + 5*i = 3107. What is the highest common factor of 6 and y?
6
Suppose -3*h + 2264 = 22*f - 21*f, 4*f = -3*h + 9047. Calculate the highest common divisor of f and 34.
17
Let u be 2 - (0 - (4 + -6)). Let j be 4 - u - 8 - -238. Let h(s) = -2*s**2 + 26*s + 18. Let f be h(0). What is the greatest common factor of f and j?
18
Suppose 2*j - 314 = -0*j. Suppose z - 167 = -a, 0*z + z - 4*a - j = 0. Suppose -2*f + 128 = -4. What is the highest common factor of f and z?
33
Let j(d) = d**3 + 21*d**2 + 25*d + 320. Let i be j(-20). What is the greatest common divisor of 920 and i?
20
Suppose -2*f + 4*z = -1284, -2*z - 1292 = -2*f - 6*z. What is the highest common divisor of f and 28?
28
Let j = -5886 - -5938. What is the greatest common factor of j and 1794?
26
Let y(s) = -s**3 - 19*s**2 - 21*s - 19. Let t be y(-18). Suppose -p + 385 - 105 = 0. What is the highest common factor of t and p?
35
Suppose 144*u - 103*u = 347393. What is the greatest common divisor of u and 111?
37
Suppose 2*p = 16 + 52. Let u(b) = 